he remainder when 4422 is divided by 124.
82
Calculate the remainder when 4261 is divided by 1335.
256
Calculate the remainder when 4060 is divided by 895.
480
What is the remainder when 1555134 is divided by 603?
600
Calculate the remainder when 61623 is divided by 30733.
157
What is the remainder when 13333 is divided by 20?
13
Calculate the remainder when 1393 is divided by 1065.
328
Calculate the remainder when 591 is divided by 44.
19
What is the remainder when 3714 is divided by 116?
2
What is the remainder when 6098 is divided by 466?
40
Calculate the remainder when 87919 is divided by 44.
7
Calculate the remainder when 131487 is divided by 32.
31
What is the remainder when 6522389 is divided by 493?
492
What is the remainder when 6065 is divided by 51?
47
Calculate the remainder when 10624 is divided by 1.
0
Calculate the remainder when 53629 is divided by 20.
9
What is the remainder when 574 is divided by 128?
62
What is the remainder when 187646 is divided by 54?
50
Calculate the remainder when 1714077 is divided by 10.
7
Calculate the remainder when 57851 is divided by 16.
11
What is the remainder when 6340 is divided by 2098?
46
Calculate the remainder when 308420 is divided by 207.
197
What is the remainder when 108305 is divided by 33?
32
What is the remainder when 2488 is divided by 2477?
11
Calculate the remainder when 7379 is divided by 201.
143
What is the remainder when 218279 is divided by 693?
677
What is the remainder when 12951 is divided by 2140?
111
Calculate the remainder when 95217 is divided by 1985.
1922
Calculate the remainder when 187582 is divided by 9872.
14
Calculate the remainder when 400932 is divided by 181.
17
Calculate the remainder when 54717 is divided by 18228.
33
What is the remainder when 548 is divided by 510?
38
What is the remainder when 3529 is divided by 90?
19
Calculate the remainder when 1237 is divided by 176.
5
What is the remainder when 1485 is divided by 276?
105
Calculate the remainder when 32757 is divided by 14.
11
Calculate the remainder when 547850 is divided by 221.
212
Calculate the remainder when 73023 is divided by 136.
127
What is the remainder when 174249 is divided by 332?
281
Calculate the remainder when 1587 is divided by 387.
39
What is the remainder when 165316 is divided by 23?
15
Calculate the remainder when 65924 is divided by 16478.
12
What is the remainder when 130655 is divided by 278?
273
Calculate the remainder when 24535 is divided by 598.
17
Calculate the remainder when 24076 is divided by 59.
4
Calculate the remainder when 498388 is divided by 74.
72
What is the remainder when 16928 is divided by 585?
548
Calculate the remainder when 10681 is divided by 725.
531
Calculate the remainder when 75071 is divided by 552.
551
What is the remainder when 140412 is divided by 185?
182
What is the remainder when 117026 is divided by 235?
231
What is the remainder when 6668 is divided by 6365?
303
Calculate the remainder when 8536 is divided by 231.
220
What is the remainder when 1226 is divided by 1190?
36
Calculate the remainder when 627386 is divided by 268.
266
Calculate the remainder when 4855 is divided by 471.
145
Calculate the remainder when 9556070 is divided by 18.
14
Calculate the remainder when 479069 is divided by 88.
85
Calculate the remainder when 3809 is divided by 477.
470
Calculate the remainder when 312628 is divided by 15.
13
What is the remainder when 42771 is divided by 293?
286
What is the remainder when 373746 is divided by 50?
46
What is the remainder when 44756 is divided by 263?
46
Calculate the remainder when 3868 is divided by 932.
140
What is the remainder when 527470 is divided by 58605?
25
What is the remainder when 15489 is divided by 14670?
819
Calculate the remainder when 78671 is divided by 71.
3
Calculate the remainder when 1432 is divided by 205.
202
What is the remainder when 19572 is divided by 435?
432
What is the remainder when 5490 is divided by 1491?
1017
Calculate the remainder when 3031 is divided by 357.
175
What is the remainder when 35559 is divided by 2084?
131
What is the remainder when 21639 is divided by 1803?
3
What is the remainder when 651 is divided by 420?
231
What is the remainder when 61804 is divided by 11?
6
What is the remainder when 6017 is divided by 332?
41
Calculate the remainder when 3444 is divided by 458.
238
What is the remainder when 1436 is divided by 1187?
249
What is the remainder when 14713 is divided by 98?
13
What is the remainder when 2039 is divided by 62?
55
What is the remainder when 115767 is divided by 499?
498
What is the remainder when 354099 is divided by 7?
4
What is the remainder when 3176 is divided by 402?
362
What is the remainder when 7528 is divided by 164?
148
Calculate the remainder when 49854 is divided by 208.
142
What is the remainder when 1205 is divided by 73?
37
Calculate the remainder when 8636 is divided by 49.
12
Calculate the remainder when 11546 is divided by 75.
71
Calculate the remainder when 10495 is divided by 58.
55
What is the remainder when 8369 is divided by 8340?
29
Calculate the remainder when 199605 is divided by 2037.
2016
What is the remainder when 11557 is divided by 510?
337
What is the remainder when 672 is divided by 280?
112
What is the remainder when 375 is divided by 54?
51
What is the remainder when 32816 is divided by 483?
455
Calculate the remainder when 85106 is divided by 42547.
12
What is the remainder when 8798740 is divided by 138?
136
Calculate the remainder when 7634 is divided by 23.
21
Calculate the remainder when 97768 is divided by 97759.
9
Calculate the remainder when 14032 is divided by 2004.
4
Calculate the remainder when 2263 is divided by 75.
13
What is the remainder when 6890 is divided by 245?
30
Calculate the remainder when 1204 is divided by 68.
48
What is the remainder when 565 is divided by 169?
58
Calculate the remainder when 27649 is divided by 223.
220
Calculate the remainder when 164209 is divided by 1020.
1009
What is the remainder when 11459 is divided by 5667?
125
Calculate the remainder when 1149 is divided by 353.
90
What is the remainder when 435499 is divided by 82?
79
Calculate the remainder when 101272 is divided by 30.
22
Calculate the remainder when 1180758 is divided by 281.
277
Calculate the remainder when 134907 is divided by 58.
57
What is the remainder when 37253 is divided by 1693?
7
What is the remainder when 19072 is divided by 9534?
4
What is the remainder when 23411 is divided by 686?
87
Calculate the remainder when 14877 is divided by 2120.
37
Calculate the remainder when 2375 is divided by 383.
77
Calculate the remainder when 4391 is divided by 438.
11
What is the remainder when 20804 is divided by 1221?
47
Calculate the remainder when 20867 is divided by 106.
91
Calculate the remainder when 200542 is divided by 649.
1
What is the remainder when 18753 is divided by 106?
97
Calculate the remainder when 172280 is divided by 27.
20
What is the remainder when 297114 is divided by 31?
10
What is the remainder when 26971 is divided by 72?
43
Calculate the remainder when 13808 is divided by 6791.
226
Calculate the remainder when 124263 is divided by 139.
136
What is the remainder when 11602 is divided by 3867?
1
Calculate the remainder when 8567 is divided by 1569.
722
Calculate the remainder when 196024 is divided by 8910.
4
What is the remainder when 16944 is divided by 150?
144
Calculate the remainder when 1075 is divided by 38.
11
What is the remainder when 8561 is divided by 226?
199
Calculate the remainder when 6189 is divided by 81.
33
Calculate the remainder when 178896 is divided by 428.
420
Calculate the remainder when 9013 is divided by 2247.
25
What is the remainder when 52270 is divided by 132?
130
What is the remainder when 8581 is divided by 2853?
22
Calculate the remainder when 27225 is divided by 231.
198
What is the remainder when 1068 is divided by 298?
174
Calculate the remainder when 10673286 is divided by 43.
41
What is the remainder when 2564 is divided by 803?
155
What is the remainder when 50629 is divided by 92?
29
Calculate the remainder when 1952 is divided by 915.
122
What is the remainder when 7942 is divided by 1881?
418
Calculate the remainder when 234933 is divided by 